. What is the tens digit of g?
9
Suppose -5*t + 5459 = -4*b - 27398, 2*t - b = 13147. What is the thousands digit of t?
6
Let y = 6465 - -8174. What is the thousands digit of y?
4
Suppose 11*b = -20*b + 186. What is the tens digit of 1*(63 + b + -13)?
5
Let b = -190 + 12972. What is the tens digit of b?
8
Suppose -2*j + j + 20960 = 2*v, -4*v = -2*j + 41920. What is the thousands digit of j?
0
Suppose -2*z - 10 = 0, 14 = -d + 2*z - 139. Let u = d + 234. Let v = -11 + u. What is the tens digit of v?
6
Let y be 120*(4 + -6)*-1. Suppose -10*r = -0*r - y. Let q = r - -10. What is the units digit of q?
4
Let c(q) = -26*q - 168. Let u be c(-21). Let p = u - 235. What is the hundreds digit of p?
1
Let v(x) = -4*x**2 - 31*x + 11. Let d be v(-8). Suppose 4*f = 12, 8*f = -d*h + 4*f + 888. What is the hundreds digit of h?
2
Suppose 55*o - 60*o = -46170. Let z be o/10 + 12/(-30) + -1. Suppose -z = -5*x + p, -2*x + 3*x - 170 = 5*p. What is the units digit of x?
5
Let q(w) = -1. Let b(m) = -m**2 + 7*m - 11. Let f(j) = -b(j) - q(j). Let d be f(5). Suppose 0 = 4*x + d*r - 12, 9 = 3*x + r + r. What is the units digit of x?
3
Let a be (-58)/(-12) + (-2)/(-12). Let f(k) = k**3 - 11*k**2 + 6*k + 40. Let v be f(10). Suppose v = p + a - 2, -h + 78 = -3*p. What is the units digit of h?
9
Let y = -426 + 898. Let r = -169 + y. What is the units digit of r?
3
Let u = 3302 + 3210. What is the tens digit of u?
1
What is the units digit of 14 - (-160652 - 8)/10?
0
Let g = -366 + 371. Let l(y) = 9*y**3 - 8*y**2 + 12*y + 22. What is the tens digit of l(g)?
0
Let z be 176/(-3)*(-1 + -3 - -1). Suppose -k = -4*v + 4*k + z, 44 = v - k. Let s = v - 24. What is the units digit of s?
0
Suppose -3*k - 434*j = -437*j - 20091, -2*j = 5*k - 33443. What is the tens digit of k?
9
Suppose 10*l + 12*l - 87186 = 0. Suppose 0 = 23*s - l - 315. What is the tens digit of s?
8
Let v(q) = 79 - 155 + 89*q + 69. Suppose -4*r = -0*r - 4. What is the tens digit of v(r)?
8
Suppose 20*d - 3*d + 1003 = 0. Let w = d - -329. What is the units digit of w?
0
Let k be -63*(8/(-4))/(1 - -5). What is the tens digit of -556*(k/4 + -6)?
1
Let s(c) be the second derivative of -2*c + 0*c**4 + 1/2*c**3 + 2*c**2 - 1/20*c**5 + 0. What is the units digit of s(-3)?
2
Suppose 0 = -2*n - 8, -7*g - 22 = -9*g + 3*n. Suppose -3*m + 4*m - 208 = -g*j, 0 = -2*j + 4. What is the tens digit of m?
9
Suppose -10 = 3*x - 1. Let o be (-5)/15 - 1/x. Suppose 5*a - 2*i - 571 = o, -i + 4*i = 4*a - 454. What is the units digit of a?
5
Let s be 1/(5/145) - -1. Suppose -t = -5*v - 6*t - 70, -3*v - 10 = -5*t. Let z = s - v. What is the units digit of z?
0
Suppose -2*u - 3382 = h + 3537, -4*u - 13839 = 3*h. What is the hundreds digit of 1/(-4)*(u + 7)?
8
Let x be 0*((-2)/(-4) - 0). Suppose x = 4*g - 4*n - 60, -6*g + g = -3*n - 79. What is the tens digit of g?
1
Let c = 139 - 139. Suppose 4*m = -m + b + 201, c = -4*b - 4. What is the tens digit of m?
4
Suppose 0 = -2399*v + 2385*v + 104510. What is the units digit of v?
5
Let o = -1043 + 2992. Suppose -21*y - o = -10475. What is the tens digit of y?
0
Let n(y) = -3*y**3 + 5*y**2 - 3*y + 5. Let z be n(4). Suppose 3*u - 63*r + 65*r - 605 = 0, 10 = -5*r. Let t = z + u. What is the units digit of t?
4
Let i = 27 + -25. Suppose 9 = 5*j + i*b, 3*j + 0*j - 24 = 5*b. Suppose -o + 65 = -j*u, 2*o = -4*u + 153 + 27. What is the tens digit of o?
8
Let i(g) = g**2 - 27*g - 449. What is the tens digit of i(-13)?
7
Suppose -468 = -99*r + 105*r. Let s = r + 159. What is the tens digit of s?
8
Suppose -6*d + 3608 + 76 = 0. Let u = d + -210. What is the tens digit of u?
0
Let j = -31 - 62. Let b be 2/(12/(-2)) - 2263/j. Suppose -38 = -i + b. What is the units digit of i?
2
Let h(x) = 469*x + 36. Let o be h(2). Let d = o + -644. What is the hundreds digit of d?
3
Suppose -2079 = -20*b + 13*b. Suppose -1983 - b = -10*g. What is the tens digit of g?
2
Let d(c) be the first derivative of -30*c**2 - 21*c + 8. Let m be d(-7). Suppose -3*k + m = 4*p, p + 3*k = 2*p - 81. What is the units digit of p?
6
Suppose 7*s = -0*s + 35. Suppose 0 = -s*k + 11 + 14. Suppose -252 = -2*d - 5*x, 0*d - 2*d + k*x = -232. What is the hundreds digit of d?
1
Suppose 4*g = 5*f + 68656, 18*f - 23*f = 5*g - 85865. What is the hundreds digit of g?
1
Let b be ((-16 - -31) + -1467)*(1 - 2). Suppose 3*r + 12 = 0, 41*c - r - b = 37*c. What is the hundreds digit of c?
3
Suppose -2*w - 4*d = -6*d - 6, 4*w = 5*d + 15. Suppose 2*i - 255 + 1 = w. What is the hundreds digit of i?
1
Suppose -63*w = -72*w + 9. Let d(l) = 1320*l**2 + l + 2. What is the tens digit of d(w)?
2
Let r(y) = -3*y + 2. Let t(m) = m - 1. Let k(p) = 2*r(p) + 5*t(p). Let z be (-67)/11 - (-21)/231. What is the units digit of k(z)?
5
Suppose 0*u - 3*x = 4*u + 2063, 2*u = -3*x - 1039. Let c = 890 + u. What is the hundreds digit of c?
3
Let m = -4774 + 5326. What is the hundreds digit of m?
5
Suppose 29771 = 71*w - 46*w + 11146. What is the units digit of w?
5
What is the units digit of (2 + 8 - -20462) + -1 + 11 + -1?
1
Let w(c) = -c**2 - 15*c - 21. Let j be w(-13). Suppose 0 = j*r - 10. Suppose -r*t + 3*l = -97, -5*t + 6*l + 245 = l. What is the tens digit of t?
5
Let q(h) = 271*h**3 + 11*h**2 - 19*h + 27. What is the tens digit of q(4)?
7
Let s be 94 - 4 - (-6)/(-3). Let c = -27 + 27. Suppose d = r + s, c*r = 2*d + 2*r - 164. What is the units digit of d?
5
Let i(x) = 107*x**2 - 1. Let r be i(-2). Suppose -1246*m + 2760 = -1256*m. Let p = r + m. What is the hundreds digit of p?
1
Suppose -q - 8 + 18 = 0. Suppose -3*x - 2*x - q = 0, -5*j + 2*x + 3269 = 0. What is the units digit of j?
3
Let a be 7936/558 + 2/(-9). Suppose 13740 = a*t + 2638. What is the units digit of t?
3
Suppose 1332988 = 343*l - 251*l. What is the hundreds digit of l?
4
Let u = 24 - 15. Let g(a) = a**2 - 2*a + 21. Let l be g(-9). Suppose -4*h - l = -u*h. What is the units digit of h?
4
What is the hundreds digit of 0 + 5 + -2 + 2/(-2) + 18691?
6
Let i = 155 + -156. What is the units digit of 189 - (6/(-2) + 3 + i)?
0
Let d(m) = 53*m**2 + 270*m + 126. What is the hundreds digit of d(20)?
7
Let z(d) = -21*d + 315. Let k be z(15). Suppose k = -7*p + 353 + 5156. What is the hundreds digit of p?
7
Let o be ((-36)/(-16) + -1)*4. Suppose n = -l - 2*l + 287, -o*n = 4*l - 1424. What is the tens digit of n?
8
Let j = 17275 - -31579. Suppose -29*k + 3*k + j = 0. What is the thousands digit of k?
1
Let n(s) = 2633*s**2 - 308*s - 4. What is the units digit of n(-2)?
4
Let c = -257 + 160. Let a = c - -918. What is the hundreds digit of a?
8
Let t = -71 + 67. What is the tens digit of (((-1719)/t)/9)/(4/32)?
8
Let f(t) = 1292*t + 3723. What is the units digit of f(13)?
9
Let s be 1 + 2 - (1 + 1). Suppose 50 - s = 7*o. What is the tens digit of o + 32 + (-12)/(-3)?
4
What is the thousands digit of (26/(-52))/((-40867)/(-306540) - 50/375)?
0
What is the units digit of 4/(-106) - 127354149/(-30157)?
3
Let w = 47 - 50. Let p be (-1)/(-2)*24/10*-5. What is the tens digit of (1*w/p)/((-5)/(-2330))?
3
Let m(g) = -4*g - 56. Let b(x) = -12*x - 168. Let u(z) = -6*b(z) + 17*m(z). Suppose -2*a + 6*a = -32. What is the units digit of u(a)?
4
Let h be 1/4 + (-77)/(-44). Suppose -4*d + 447 = 3*v, -h*d + v + 167 + 64 = 0. Suppose -247 = -4*c - 2*z - 19, 0 = -2*c - 4*z + d. What is the tens digit of c?
5
Let a be -2*11*(-15)/10. Suppose -q - 3*g + 10 = a, 4*q - 4*g = -76. What is the units digit of (-2352)/q + 2/5?
8
Suppose -4*z + q = -1673, -5*z + 5*q = -826 - 1284. Suppose -z = -y - 77. What is the tens digit of y?
4
What is the thousands digit of (-19678)/(-2) - (60/6 + -10)?
9
Let p(r) = r**3 - 7*r**2 + 6*r + 6. Let y be p(6). Let x(f) = 5*f**2 + 17*f + 19. Let m be x(-1). Suppose y*l - m*l = -71. What is the units digit of l?
1
Suppose 2*x - 2*o = 37500, 276*o = 4*x + 275*o - 75018. What is the thousands digit of x?
8
Suppose 93229 = 10*b - f, b - f - 361 - 8961 = 0. What is the thousands digit of b?
9
Suppose 0 = -28*s + 33*s - 80. Suppose -11220 = s*k - 27*k. What is the hundreds digit of k?
0
Suppose s = 3*s - 4*z - 390, 3*s + 5*z - 585 = 0. Suppose 24 = t - 4*v, 5*t - 6*v + v - s = 0. Let g = t - -41. What is the tens digit of g?
8
Let c(a) = -23*a**3 + 36*a**2 + 255*a - 30. What is the units digit of c(-8)?
0
Suppose -t + 6*t = 